{"id":1794,"date":"2025-08-06T11:08:08","date_gmt":"2025-08-06T11:08:08","guid":{"rendered":"https:\/\/hoyventas.com\/?post_type=product&#038;p=1794"},"modified":"2025-08-15T20:39:44","modified_gmt":"2025-08-15T20:39:44","slug":"parlante-inalambrico-karaoke-bluetooth-led-rgb-con-microfono","status":"publish","type":"product","link":"https:\/\/hoyventas.com\/index.php\/product\/parlante-inalambrico-karaoke-bluetooth-led-rgb-con-microfono\/","title":{"rendered":"Parlante Inalambrico Karaoke Bluetooth Led Rgb Con Micr\u00f3fono"},"content":{"rendered":"<p>Mini Parlante Karaoke Infantil Con Micr\u00f3fono Port\u00e1til<\/p>\n<p>Parlante karaoke bluetooth con micr\u00f3fono.<br \/>\nDC-5V.<br \/>\nMedidas: parlante 9x9x7cm. \/ micro 13cm.<br \/>\nEfecto de luces RGB.<br \/>\nConexi\u00f3n: BT, AUX, USB, TF (tarjeta de memoria).<br \/>\nRecargable, incluye cable USB.<br \/>\nBater\u00eda 3.7V.<br \/>\nRango de frecuencia: 90Hz-18KHz.<br \/>\nCorrea flexible para transportar.<br \/>\nEfecto de sonido omnidireccional.<br \/>\nEn caja.<\/p>\n","protected":false},"excerpt":{"rendered":"<p>Mini Parlante Karaoke Infantil Con Micr\u00f3fono Port\u00e1til Parlante karaoke bluetooth con micr\u00f3fono. DC-5V. Medidas: parlante 9x9x7cm. \/ micro 13cm. Efecto de luces RGB. Conexi\u00f3n: BT, AUX, USB, TF (tarjeta de memoria). Recargable, incluye cable USB. Bater\u00eda 3.7V. Rango de frecuencia: 90Hz-18KHz. Correa flexible para transportar. Efecto de sonido omnidireccional. En caja.<\/p>\n","protected":false},"featured_media":1799,"template":"","meta":{"site-sidebar-layout":"default","site-content-layout":"","ast-site-content-layout":"default","site-content-style":"default","site-sidebar-style":"default","ast-global-header-display":"","ast-banner-title-visibility":"","ast-main-header-display":"","ast-hfb-above-header-display":"","ast-hfb-below-header-display":"","ast-hfb-mobile-header-display":"","site-post-title":"","ast-breadcrumbs-content":"","ast-featured-img":"","footer-sml-layout":"","theme-transparent-header-meta":"default","adv-header-id-meta":"","stick-header-meta":"","header-above-stick-meta":"","header-main-stick-meta":"","header-below-stick-meta":"","astra-migrate-meta-layouts":"set","ast-page-background-enabled":"default","ast-page-background-meta":{"desktop":{"background-color":"var(--ast-global-color-4)","background-image":"","background-repeat":"repeat","background-position":"center center","background-size":"auto","background-attachment":"scroll","background-type":"","background-media":"","overlay-type":"","overlay-color":"","overlay-opacity":"","overlay-gradient":""},"tablet":{"background-color":"","background-image":"","background-repeat":"repeat","background-position":"center center","background-size":"auto","background-attachment":"scroll","background-type":"","background-media":"","overlay-type":"","overlay-color":"","overlay-opacity":"","overlay-gradient":""},"mobile":{"background-color":"","background-image":"","background-repeat":"repeat","background-position":"center center","background-size":"auto","background-attachment":"scroll","background-type":"","background-media":"","overlay-type":"","overlay-color":"","overlay-opacity":"","overlay-gradient":""}},"ast-content-background-meta":{"desktop":{"background-color":"var(--ast-global-color-5)","background-image":"","background-repeat":"repeat","background-position":"center center","background-size":"auto","background-attachment":"scroll","background-type":"","background-media":"","overlay-type":"","overlay-color":"","overlay-opacity":"","overlay-gradient":""},"tablet":{"background-color":"var(--ast-global-color-5)","background-image":"","background-repeat":"repeat","background-position":"center center","background-size":"auto","background-attachment":"scroll","background-type":"","background-media":"","overlay-type":"","overlay-color":"","overlay-opacity":"","overlay-gradient":""},"mobile":{"background-color":"var(--ast-global-color-5)","background-image":"","background-repeat":"repeat","background-position":"center center","background-size":"auto","background-attachment":"scroll","background-type":"","background-media":"","overlay-type":"","overlay-color":"","overlay-opacity":"","overlay-gradient":""}},"_joinchat":[]},"product_brand":[],"product_cat":[90],"product_tag":[],"class_list":{"0":"post-1794","1":"product","2":"type-product","3":"status-publish","4":"has-post-thumbnail","6":"product_cat-bebes-y-ninos","7":"desktop-align-left","8":"tablet-align-left","9":"mobile-align-left","11":"first","12":"instock","13":"shipping-taxable","14":"purchasable","15":"product-type-variable"},"_links":{"self":[{"href":"https:\/\/hoyventas.com\/index.php\/wp-json\/wp\/v2\/product\/1794","targetHints":{"allow":["GET"]}}],"collection":[{"href":"https:\/\/hoyventas.com\/index.php\/wp-json\/wp\/v2\/product"}],"about":[{"href":"https:\/\/hoyventas.com\/index.php\/wp-json\/wp\/v2\/types\/product"}],"wp:featuredmedia":[{"embeddable":true,"href":"https:\/\/hoyventas.com\/index.php\/wp-json\/wp\/v2\/media\/1799"}],"wp:attachment":[{"href":"https:\/\/hoyventas.com\/index.php\/wp-json\/wp\/v2\/media?parent=1794"}],"wp:term":[{"taxonomy":"product_brand","embeddable":true,"href":"https:\/\/hoyventas.com\/index.php\/wp-json\/wp\/v2\/product_brand?post=1794"},{"taxonomy":"product_cat","embeddable":true,"href":"https:\/\/hoyventas.com\/index.php\/wp-json\/wp\/v2\/product_cat?post=1794"},{"taxonomy":"product_tag","embeddable":true,"href":"https:\/\/hoyventas.com\/index.php\/wp-json\/wp\/v2\/product_tag?post=1794"}],"curies":[{"name":"wp","href":"https:\/\/api.w.org\/{rel}","templated":true}]}}