{"id":1899,"date":"2025-10-02T18:36:09","date_gmt":"2025-10-02T18:36:09","guid":{"rendered":"https:\/\/hoyventas.com\/?post_type=product&#038;p=1899"},"modified":"2025-10-21T10:38:08","modified_gmt":"2025-10-21T10:38:08","slug":"vincha-y-parche-de-pirata-para-disfraz-infantil","status":"publish","type":"product","link":"https:\/\/hoyventas.com\/index.php\/product\/vincha-y-parche-de-pirata-para-disfraz-infantil\/","title":{"rendered":"Vincha Y Parche De Pirata Para Disfraz Infantil"},"content":{"rendered":"<p>Vincha y Parche de Pirata para Disfraz<\/p>\n<p>Caracter\u00edsticas principales:<br \/>\n_Incluye vincha con calavera y parche ocular<br \/>\n_Medidas de la vincha: 21 x 11 cm<br \/>\n_Color: negro con detalles plateados<br \/>\n_Material: pl\u00e1stico resistente y fieltro suave<br \/>\n_Liviano, c\u00f3modo y f\u00e1cil de usar<br \/>\n_Apto para ni\u00f1os y adultos<\/p>\n<p>Perfecto para darle el toque final a tu disfraz de pirata y destacarte en cualquier evento<\/p>\n","protected":false},"excerpt":{"rendered":"<p>Vincha y Parche de Pirata para Disfraz Caracter\u00edsticas principales: _Incluye vincha con calavera y parche ocular _Medidas de la vincha: 21 x 11 cm _Color: negro con detalles plateados _Material: pl\u00e1stico resistente y fieltro suave _Liviano, c\u00f3modo y f\u00e1cil de usar _Apto para ni\u00f1os y adultos Perfecto para darle el toque final a tu disfraz [&hellip;]<\/p>\n","protected":false},"featured_media":1900,"template":"","meta":{"site-sidebar-layout":"default","site-content-layout":"","ast-site-content-layout":"default","site-content-style":"default","site-sidebar-style":"default","ast-global-header-display":"","ast-banner-title-visibility":"","ast-main-header-display":"","ast-hfb-above-header-display":"","ast-hfb-below-header-display":"","ast-hfb-mobile-header-display":"","site-post-title":"","ast-breadcrumbs-content":"","ast-featured-img":"","footer-sml-layout":"","theme-transparent-header-meta":"default","adv-header-id-meta":"","stick-header-meta":"","header-above-stick-meta":"","header-main-stick-meta":"","header-below-stick-meta":"","astra-migrate-meta-layouts":"set","ast-page-background-enabled":"default","ast-page-background-meta":{"desktop":{"background-color":"var(--ast-global-color-4)","background-image":"","background-repeat":"repeat","background-position":"center center","background-size":"auto","background-attachment":"scroll","background-type":"","background-media":"","overlay-type":"","overlay-color":"","overlay-opacity":"","overlay-gradient":""},"tablet":{"background-color":"","background-image":"","background-repeat":"repeat","background-position":"center center","background-size":"auto","background-attachment":"scroll","background-type":"","background-media":"","overlay-type":"","overlay-color":"","overlay-opacity":"","overlay-gradient":""},"mobile":{"background-color":"","background-image":"","background-repeat":"repeat","background-position":"center center","background-size":"auto","background-attachment":"scroll","background-type":"","background-media":"","overlay-type":"","overlay-color":"","overlay-opacity":"","overlay-gradient":""}},"ast-content-background-meta":{"desktop":{"background-color":"var(--ast-global-color-5)","background-image":"","background-repeat":"repeat","background-position":"center center","background-size":"auto","background-attachment":"scroll","background-type":"","background-media":"","overlay-type":"","overlay-color":"","overlay-opacity":"","overlay-gradient":""},"tablet":{"background-color":"var(--ast-global-color-5)","background-image":"","background-repeat":"repeat","background-position":"center center","background-size":"auto","background-attachment":"scroll","background-type":"","background-media":"","overlay-type":"","overlay-color":"","overlay-opacity":"","overlay-gradient":""},"mobile":{"background-color":"var(--ast-global-color-5)","background-image":"","background-repeat":"repeat","background-position":"center center","background-size":"auto","background-attachment":"scroll","background-type":"","background-media":"","overlay-type":"","overlay-color":"","overlay-opacity":"","overlay-gradient":""}},"_joinchat":[]},"product_brand":[],"product_cat":[90,107,126],"product_tag":[],"class_list":{"0":"post-1899","1":"product","2":"type-product","3":"status-publish","4":"has-post-thumbnail","6":"product_cat-bebes-y-ninos","7":"product_cat-halloween","8":"product_cat-temporadas","9":"desktop-align-left","10":"tablet-align-left","11":"mobile-align-left","13":"first","14":"instock","15":"shipping-taxable","16":"purchasable","17":"product-type-simple"},"_links":{"self":[{"href":"https:\/\/hoyventas.com\/index.php\/wp-json\/wp\/v2\/product\/1899","targetHints":{"allow":["GET"]}}],"collection":[{"href":"https:\/\/hoyventas.com\/index.php\/wp-json\/wp\/v2\/product"}],"about":[{"href":"https:\/\/hoyventas.com\/index.php\/wp-json\/wp\/v2\/types\/product"}],"wp:featuredmedia":[{"embeddable":true,"href":"https:\/\/hoyventas.com\/index.php\/wp-json\/wp\/v2\/media\/1900"}],"wp:attachment":[{"href":"https:\/\/hoyventas.com\/index.php\/wp-json\/wp\/v2\/media?parent=1899"}],"wp:term":[{"taxonomy":"product_brand","embeddable":true,"href":"https:\/\/hoyventas.com\/index.php\/wp-json\/wp\/v2\/product_brand?post=1899"},{"taxonomy":"product_cat","embeddable":true,"href":"https:\/\/hoyventas.com\/index.php\/wp-json\/wp\/v2\/product_cat?post=1899"},{"taxonomy":"product_tag","embeddable":true,"href":"https:\/\/hoyventas.com\/index.php\/wp-json\/wp\/v2\/product_tag?post=1899"}],"curies":[{"name":"wp","href":"https:\/\/api.w.org\/{rel}","templated":true}]}}